ive of -c**5/60 - c**4/6 + 2*c**3/3 - c**2/2 - 6. Let f(o) be the second derivative of m(o). Let w be (-17)/4 - 2/(-8). Give f(w).
4
Suppose 4*l - 2 = -3*y + 1, -2*l + 4*y = -18. Let g(x) = -x**3 + 3*x**2 - x - 2. What is g(l)?
-5
Let a(g) = g**2 - 8 - g**2 + 2 - 4*g + g**2. Let x be (-1)/(4/6)*-2. Let l(c) = 2*c**2 - 9*c - 13. Let i(j) = x*l(j) - 7*a(j). Give i(4).
-9
Let z(u) = u + 10. Let c(q) = 1. Let a(f) = -6*c(f) + z(f). Let o(d) = d**2 - 6*d - 5. Let b = -5 - -11. Let x be o(b). What is a(x)?
-1
Let a(s) = -7*s + s - s**2 + 10*s - 6. Let o(v) = v**3 - 7*v**2 + 8*v - 8. Let h be o(6). Calculate a(h).
-6
Let a(v) = -v**2 + 5*v + 7. Suppose -11*y = -9*y - 8. Suppose d + 6 = -4*q, y*d - 5*q = d + 33. Give a(d).
1
Let j(y) = 4*y**3 - 2*y**2 + 3*y - 1. Let g(x) = 7*x**3 - 5*x**2 + 7*x - 2. Let u(m) = -2*g(m) + 5*j(m). Give u(1).
6
Let b(u) = u**3 - 5*u**2 + u + 2. Suppose 0 = 5*y - 2*p - 20, 4*y - 16 = -p + 5*p. Determine b(y).
-10
Let x(o) = o + 1. Let n(j) = -6*j - 7. Let q(h) = -n(h) - 4*x(h). What is q(3)?
9
Let k be ((-8)/(-2) - -2) + -1. Suppose -3*y - k = 2*o, -2*o - o + 3*y + 15 = 0. Let d(f) = f**3 - 4*f**2 + 4*f - 3. What is d(o)?
-3
Let z be ((-65)/(-10) + -5)*4/(-6). Let c(a) = -17*a**2 - a - 1. Give c(z).
-17
Let j = 12 - 19. Let k(c) = -c**2 - 9*c - 6. What is k(j)?
8
Let r(p) = p**2 - 2*p + 8. Let n(b) = 3*b**2 - 5*b + 23. Let w(v) = 4*n(v) - 11*r(v). Determine w(-3).
7
Let f(o) = o**2 - 5*o + 3. Let t(a) = 3*a**2. Let x be t(1). Let i(n) = -2 + 0 + 3 - x*n. Let w be i(-1). What is f(w)?
-1
Let k(x) = x**3 - 7*x**2 - 7*x + 6. Let l(c) = c**3 - 8*c**2 - 8*c + 6. Let o(i) = 4*k(i) - 3*l(i). What is o(4)?
-10
Suppose 5*i + 29 - 4 = 3*g, g = 2*i + 9. Let a(h) = 6 + 0*h - h - 3. Determine a(g).
-2
Let k = -19 - -23. Suppose -6*d = -2*d + k. Let n(o) = -3*o**3 + o**2 + o. Determine n(d).
3
Let q(z) = -3*z + 7. Let f(h) = -2*h + 4. Let w(t) = -5*f(t) + 3*q(t). Suppose -4*x - 4*p - 70 = -x, -2*x + 2*p - 28 = 0. Let o = x + 12. Give w(o).
-5
Let q(k) = k**3 - 5*k**2 - 5*k - 4. Let i be q(6). Let p(r) = -r + r - i*r - 1. Suppose -4*m = -6*m + 8. Calculate p(m).
-9
Let f be -1*6/3 - -4. Let a = f - 0. Let n(x) = -2*x - 6 + 2 - a. Give n(-5).
4
Let y(u) be the second derivative of -u**5/4 - u**2/2 + 20*u. Suppose -1 - 2 = -3*z. Give y(z).
-6
Let b(j) = -2*j**3 + j**2 + 2*j - 4. Let x = 2 - 5. Let p(r) = -5*r**3 + 3*r**2 + 4*r - 9. Let u(k) = x*p(k) + 7*b(k). What is u(2)?
3
Let n(f) = -2*f**3 - 3*f**2 + f + 2. Let p be (-3)/((-22)/(-4) - 4). Give n(p).
4
Let c(r) = 4*r**2 - 5*r + 5. Let k be (2/4)/(4/(-8)). Let q(z) = -z**3 + z**2 - z - 1. Let i(t) = k*q(t) - c(t). Give i(4).
4
Let v be (-87)/(-27) - (-6)/(-27). Let b be (11 - v)*2/4. Let x(n) = -3 - 2*n + 0 + 5. What is x(b)?
-6
Let j(m) = 2*m - 70*m**3 - 70*m**3 + 1 + 142*m**3. What is j(-1)?
-3
Let m(i) = i**2 - 3*i - 1. Let k be m(4). Let z(s) be the first derivative of 5/2*s**2 - 1/3*s**3 - 2 - k*s. What is z(3)?
3
Let p(s) be the first derivative of s**2 - 5. What is p(-4)?
-8
Let k(h) = 3*h**2 - 5*h - 2. Let b = -7 - -2. Let n(o) = -7*o**2 + 10*o + 4. Let f(a) = b*k(a) - 2*n(a). Let p = -6 - -10. Determine f(p).
6
Let c(a) = a**2 - a + 51 - a**3 - 60 + a. Let u = 0 - 0. Calculate c(u).
-9
Let q(t) be the first derivative of t**2/2 + 9*t + 1. Let w be q(-7). Suppose -3*d = -w*d. Let c(u) = u**2 - u - 4. What is c(d)?
-4
Let d = 11 - 7. Suppose -6 = d*w - 26. Let u(h) = h**2 - 1. Let r(v) = v**2 + v - 2. Let s(t) = -5*r(t) + 6*u(t). Calculate s(w).
4
Let n(h) = 2 - h**2 + h**2 + h**2 - 6*h. Let r(a) = a - 4. Suppose 0 = -4*l + 4*p + 20, -3*l = 2*l + 2*p - 53. Let b be r(l). Calculate n(b).
-3
Let h(y) = -y**3 + 2*y**2 + 2. Let o be h(2). Let s(t) = 2*t + t**2 + 1 + o*t**2 + 2*t**3 - t + 0*t**2. What is s(-2)?
-5
Let s(d) = -2*d**3 - 5*d**2 - 5*d - 1. Let m be s(-2). Suppose -4*b = -14 + 6. Let c(o) = 4*o - b*o - 3*o + 2. Determine c(m).
-3
Let z = 1 - 6. Let w = z + -1. Let d(n) = n**3 + 7*n**2 + 6*n - 1. Determine d(w).
-1
Suppose 2*l + 7 = -0*t - t, 0 = -4*l - 4. Let i = -27 - -31. Let d(g) = g + i*g + 0 - 3 + g**2. Give d(t).
-3
Let g(p) = p**3 + p**2 + p + 3. Let f be 2 - (-6)/15*-5. Determine g(f).
3
Let s(c) = -c**3 - 3*c**2 + c - 4. Let w(a) = -a**2 + 12*a - 3. Let y be w(12). Determine s(y).
-7
Let r(f) = f - 7. Suppose -4*v - 5*m + 2*m = -12, 5*v - 3*m - 15 = 0. Let k = v - 3. Let d be (k/(-5))/(2 + -1). Give r(d).
-7
Let v(a) = -a - 2. Suppose -15 = -5*w + 10. Let k(x) = -x**2 + 4*x + 2. Let q be k(w). Give v(q).
1
Let t(y) = -2*y + 8. Let w be 3/(-6) + (-15)/(-2). Determine t(w).
-6
Let y(b) = -b**3 - 3*b**2 + 5*b + 6. Suppose 2*x - 18 = -x. Let a = x - 10. Determine y(a).
2
Let g be (-7 - (-138)/18)/(2/(-9)). Let s(j) = -j**3 - j**2 + 4*j. What is s(g)?
6
Let h = 10 - 9. Let q(r) be the third derivative of r**8/20160 - r**6/720 + r**5/60 - r**2. Let l(o) be the third derivative of q(o). Give l(h).
0
Let c = 18 - 6. Let a(k) = -1 + 6*k - 6*k**2 - 8*k + c*k**2. Calculate a(-1).
7
Suppose 5*y - x = -35, -5*y = 3*x - 3 + 18. Let k(o) be the second derivative of -o**3/6 - o. Give k(y).
6
Let w(g) = -g - 4*g**3 + 1 - 7*g**3 + 3*g - 3*g. Let n = -7 + 8. Calculate w(n).
-11
Let i(j) = 3*j**2 + 7*j - 4. Let b(l) = -l**2. Let w(c) = 4*b(c) + i(c). What is w(3)?
8
Let r = 6 + 5. Let h = r + -8. Let j(d) = d - 4. Give j(h).
-1
Let l be -4*(-3)/(-12)*2. Let a(r) = 2*r**2 + 2*r - 3. Let x(v) = 8*v**2 + 9*v - 13. Let i(d) = l*x(d) + 9*a(d). What is i(-1)?
1
Let u(c) = -8*c**3 - 3*c**2 - c - 4. Let r(o) = -8*o**3 - 2*o**2 - o - 3. Let b(i) = -4*r(i) + 3*u(i). Give b(1).
8
Let s(v) = 208 - 104 + v**2 - 100. What is s(-3)?
13
Let y(d) = d**3 - 5*d**2 + 5*d - 1. Let l(c) = c**2 - 5. Let j be l(-3). Give y(j).
3
Let o be ((-1)/(-2))/((-1)/(-2)). Let w = 3 + -2. Let y(u) = 6*u + w - 6*u + 4*u. Give y(o).
5
Let v = 3 - -1. Suppose -x - 4*k = v, 10 = x - 4*k + k. Let y(d) = 4*d**3 + 3 + x*d**2 + 0 - d - 5*d**3. Calculate y(4).
-1
Suppose n + 4*c = -2*n - 9, n + 3*c + 8 = 0. Let f(a) = 11*a**2 + 3 - 5 + 3. Calculate f(n).
12
Suppose 0*g = 3*g + 3*w - 12, 13 = -2*g + 5*w. Let b(t) be the second derivative of -t**5/30 + t**2 + 3*t. Let o(k) be the first derivative of b(k). Give o(g).
-2
Let o(z) = -z**3 - 4*z**2 - z + 1. Let i(q) = q**2. Let v(h) = 4*i(h) + o(h). Let r(k) = 7*k**3 + 7*k**2 + 13*k - 1. Let w(p) = -r(p) - 6*v(p). Determine w(-6).
1
Let t = 3 + -2. Let o(k) = 20*k**3 + 10*k**2 - 10*k - 6. Let q(g) = -4*g**3 - 2*g**2 + 2*g + 1. Let s(l) = -2*o(l) - 11*q(l). What is s(t)?
5
Let q(a) = a**2 - 5*a - 1. Suppose 105 = 17*l + 3. Calculate q(l).
5
Suppose 5*y - 2*l = 113, -7 - 6 = -y - 2*l. Suppose 5*v - 4*g + 25 = 0, v - 3*g - g + y = 0. Let d(b) = -3*b + b**3 + 3*b**2 + 4*b - 2*b**2. What is d(v)?
-1
Let p(u) = -u**2 - 11*u + 16. Let j(d) = -d**3 + 7*d**2 + 11*d - 36. Let z be j(8). Determine p(z).
4
Let n(u) = u**3 + 2*u**2 - 4*u - 2. Let y(q) = q - 3. Let f be y(0). What is n(f)?
1
Let a be -2*6 + 6/2. Let m = -7 - a. Let p(w) = w - 7*w**m - 3*w + 0*w + 0*w - 1. Calculate p(-1).
-6
Let o(u) = u**3 - 10*u**2 + 8*u + 12. Let k be o(9). Let w(g) = -5*g**2 + 3 + 4*g**2 + k*g - 5*g. Suppose -1 - 1 = -j. What is w(j)?
-5
Let k(z) = -3 + 2 - 2*z - z. Let p(g) = -14*g - 25. Let l be p(-2). Determine k(l).
-10
Let r(n) = 0 - 24*n**3 + 5*n**2 + 1 - 6*n**2. Determine r(-1).
24
Let j(x) = -7*x - 6*x**2 - x**2 - 2*x**3 + 3*x**3 - 42 + 31. What is j(8)?
-3
Let s(d) = 27*d**2 - 28*d**2 - d + 2 + 5. What is s(0)?
7
Let c(w) be the second derivative of 0*w**3 - 1/12*w**4 - w + 3/2*w**2 + 0. Give c(3).
-6
Let t(a) = -7*a**2 - 2*a**3 + 8*a**2 - 15*a**3 + 2*a**3. Give t(-1).
16
Let a(x) = 10*x**2 - x**3 + 2*x**3 - 15*x**2 + 3*x. Let u be a(4). Let q(n) = n**3 + 2*n**2 - 5*n + 3. Calculate q(u).
-9
Let t(y) = -y**2 - y + 2. Let g(z) = -z**2 + 3. Suppose -8 = 2*o - 2*x, -2*o - 3*x + 6 = 9. Let r(q) = o*t(q) + 2*g(q). Give r(-4).
4
Let h(s) = 7*s + 2*s - 10*s. Determine h(-6).
6
Let q be 0 + -4*(-10)/4. Suppose 3*w = q + 5. Let h(t) = -t**3 + 6*t**2 - 3*t - 6. Give h(w).
4
Let q(z) be the third derivative of -5*z**4/24 + z**3/3 + 2*z**2. Give q(2).
-8
Suppose -2 = 2*r - 6. Let n(w) = 0*w**r - w**2 + 2*w + 4*w + 0*w**2. Determine n(5).
5
Let b(t) = t + 1. Let h(y) = 7*y + 5. Let c(q) = 4*b(q) - h(q). Deter